{"id":35,"date":"2019-08-01T17:13:54","date_gmt":"2019-08-01T15:13:54","guid":{"rendered":"http:\/\/patriciasevat.com\/?page_id=35"},"modified":"2023-09-20T18:10:44","modified_gmt":"2023-09-20T16:10:44","slug":"qui-suis-je","status":"publish","type":"page","link":"https:\/\/patriciasevat.com\/index.php\/qui-suis-je\/","title":{"rendered":"Qu&rsquo;est-ce que le Reiki ?"},"content":{"rendered":"<p><span style=\"font-family: 'trebuchet ms', geneva, sans-serif; font-size: 14pt;\"><span style=\"color: #0000ff;\">Nous sommes des \u00eatres \u00e9nerg\u00e9tiques<\/span>. Ce n\u2019est pas un postulat \u00e9sot\u00e9rique. En Asie, les traditions m\u00e9dicales et spirituelles appr\u00e9hendent cette r\u00e9alit\u00e9, les premi\u00e8res en rep\u00e9rant la circuiterie invisible du corps humain d\u00e9sign\u00e9e par les m\u00e9ridiens ou <span style=\"color: #0000ff;\">les chakras<\/span>, les secondes en insistant sur la n\u00e9cessit\u00e9 de contr\u00f4ler ses d\u00e9sirs, ses pens\u00e9es et le brouhaha du mental pour acc\u00e9der \u00e0 plus de clart\u00e9 d\u2019esprit. Cet \u00e9tat se traduit chez les m\u00e9ditants exp\u00e9riment\u00e9s par d\u2019importants changements \u00e9lectromagn\u00e9tiques dans le cerveau. Ils g\u00e9n\u00e8rent des fr\u00e9quences si inhabituelles que les premiers scientifiques \u00e0 les avoir mesur\u00e9es en laboratoire ont cru \u00e0 un d\u00e9faut de leurs appareils !<\/span><\/p>\n<p><span style=\"color: #0000ff; font-family: 'trebuchet ms', geneva, sans-serif; font-size: 14pt;\">Nos pens\u00e9es, nos \u00e9motions, notre \u00e9tat physique et les atteintes qu\u2019il subit, tout cela concourt \u00e0 cr\u00e9er notre \u00e9tat \u00e9nerg\u00e9tique.<\/span><\/p>\n<p><span style=\"font-family: 'trebuchet ms', geneva, sans-serif; font-size: 14pt;\">En 1973, deux m\u00e9decins britanniques (Bergsmann et Wolley-Hart) ont montr\u00e9 que la conductance \u00e9lectrique du point acuponcture situ\u00e9 sur le genou et correspondant au foie, \u00e9tait dix-huit fois plus importante chez les patients souffrant de maladies telles que l\u2019h\u00e9patite ou la cirrhose, que chez les patients sans maladie du foie. Des pionniers comme le professeur d\u2019anatomie Harold Saxton Burr, suivi par d\u2019autres chercheurs, ont montr\u00e9 que la progression de pathologies comme le cancer s\u2019accompagne de changements dans la conductance \u00e9lectrique des tissus atteints.<\/span><\/p>\n<p><span style=\"font-family: 'trebuchet ms', geneva, sans-serif; font-size: 14pt;\"><span style=\"color: #0000ff;\">L\u2019objectif du Reiki est de favoriser le d\u00e9veloppement personnel et de contribuer au soulagement <\/span><span style=\"color: #0000ff;\">des maux physiques, psychiques et \u00e9motionnels par un apport d\u2019\u00e9nergie<\/span>. Le Reiki apporte l\u2019\u00e9quilibre du corps et l\u2019harmonie.<\/span><\/p>\n<p><span style=\"font-family: 'trebuchet ms', geneva, sans-serif; font-size: 14pt;\"><span style=\"color: #0000ff;\">Le Reiki est un ph\u00e9nom\u00e8ne \u00e9nerg\u00e9tique<\/span>. Il permet de d\u00e9bloquer des troubles, d\u2019aider la personne \u00e0 se prendre en charge sur tous les niveaux, physique, mental, \u00e9motionnel et spirituel.<\/span><\/p>\n<p><span style=\"font-family: 'trebuchet ms', geneva, sans-serif; font-size: 14pt;\">Il permet donc de d\u00e9nouer les blocages \u00e9nerg\u00e9tiques en r\u00e9-harmonisant le corps et l\u2019esprit. Il favorise le r\u00e9\u00e9quilibrage des \u00e9nergies, permettant ainsi une d\u00e9tente naturelle de ces deux parties du soi.<\/span><\/p>\n<p><span style=\"font-family: 'trebuchet ms', geneva, sans-serif; font-size: 14pt;\">Par son <span style=\"color: #0000ff;\">action relaxante<\/span>, il contribue <span style=\"text-align: left; color: #333333; text-transform: none; text-indent: 0px; letter-spacing: normal; font-style: normal; font-variant: normal; font-weight: 400; text-decoration: none; word-spacing: 0px; white-space: normal; orphans: 2; float: none; -webkit-text-stroke-width: 0px; background-color: #ffffff; display: inline !important;\">\u00e9galement<\/span> \u00e0 dissiper la fatigue. C&rsquo;est un moyen tr\u00e8s efficace de <span style=\"color: #0000ff;\"><strong>lutte contre le stress<\/strong><\/span>.<\/span><\/p>\n<p><span style=\"font-family: 'trebuchet ms', geneva, sans-serif; font-size: 14pt;\">Il permet d\u2019atteindre un \u00e9tat de profonde paix int\u00e9rieure, tant pour celui qui donne du Reiki que pour celui qui le re\u00e7oit.<\/span><\/p>\n<p>&nbsp;<\/p>\n<p><span style=\"color: #000000; font-size: 14pt;\"><strong>Comment se d\u00e9roule une s\u00e9ance ?<\/strong><\/span><\/p>\n<p><span style=\"font-family: 'trebuchet ms', geneva, sans-serif; font-size: 14pt;\">Le Reiki se pratique habill\u00e9, allong\u00e9 sur une table de massage ou assis sur une chaise, dans une ambiance musicale relaxante. C&rsquo;est en imposant les mains sur les diff\u00e9rentes parties du corps, de la t\u00eate aux pieds que le praticien canalise l&rsquo;\u00e9nergie de l&rsquo;individu facilitant ainsi la relaxation, la r\u00e9duction du stress, l&rsquo;\u00e9quilibre int\u00e9rieur ainsi que la lib\u00e9ration des tensions.<\/span><\/p>\n<p><strong><span style=\"font-family: 'trebuchet ms', geneva, sans-serif; font-size: 14pt;\">La s\u00e9ance dure environ 1h30. <\/span><\/strong><\/p>\n<p><span style=\"text-decoration: underline;\"><span style=\"font-family: 'trebuchet ms', geneva, sans-serif; font-size: 14pt; color: #000000; text-decoration: underline;\">Pour un soin complet, il faudra compter un minimum de 4 soins cons\u00e9cutifs<\/span><\/span><\/p>\n<p>&nbsp;<\/p>\n<p><span style=\"font-family: trebuchet ms, geneva, sans-serif;\"><img fetchpriority=\"high\" decoding=\"async\" class=\" wp-image-168 aligncenter\" src=\"https:\/\/patriciasevat.com\/wp-content\/uploads\/2019\/10\/hypnose-2-300x200.jpg\" alt=\"soin reiki\" width=\"453\" height=\"302\" srcset=\"https:\/\/patriciasevat.com\/wp-content\/uploads\/2019\/10\/hypnose-2-300x200.jpg 300w, https:\/\/patriciasevat.com\/wp-content\/uploads\/2019\/10\/hypnose-2.jpg 400w\" sizes=\"(max-width: 453px) 100vw, 453px\" \/><\/span><\/p>\n","protected":false},"excerpt":{"rendered":"<p>Nous sommes des \u00eatres \u00e9nerg\u00e9tiques. Ce n\u2019est pas un postulat \u00e9sot\u00e9rique. En Asie, les traditions m\u00e9dicales et spirituelles appr\u00e9hendent cette r\u00e9alit\u00e9, les premi\u00e8res en rep\u00e9rant la circuiterie invisible du corps humain d\u00e9sign\u00e9e par les m\u00e9ridiens ou les chakras, les secondes en insistant sur la n\u00e9cessit\u00e9 de contr\u00f4ler ses d\u00e9sirs, ses pens\u00e9es et le brouhaha du &hellip; <\/p>\n<p class=\"link-more\"><a href=\"https:\/\/patriciasevat.com\/index.php\/qui-suis-je\/\" class=\"more-link\">Continuer la lecture<span class=\"screen-reader-text\"> de &laquo;&nbsp;Qu&rsquo;est-ce que le Reiki ?&nbsp;&raquo;<\/span><\/a><\/p>\n","protected":false},"author":1,"featured_media":0,"parent":0,"menu_order":0,"comment_status":"closed","ping_status":"closed","template":"","meta":{"footnotes":""},"class_list":["post-35","page","type-page","status-publish","hentry"],"yoast_head":"<!-- This site is optimized with the Yoast SEO plugin v26.7 - https:\/\/yoast.com\/wordpress\/plugins\/seo\/ -->\n<title>Qu&#039;est-ce que le Reiki ? - PShYpnose<\/title>\n<meta name=\"robots\" content=\"index, follow, max-snippet:-1, max-image-preview:large, max-video-preview:-1\" \/>\n<link rel=\"canonical\" href=\"https:\/\/patriciasevat.com\/index.php\/qui-suis-je\/\" \/>\n<meta property=\"og:locale\" content=\"fr_FR\" \/>\n<meta property=\"og:type\" content=\"article\" \/>\n<meta property=\"og:title\" content=\"Qu&#039;est-ce que le Reiki ? - PShYpnose\" \/>\n<meta property=\"og:description\" content=\"Nous sommes des \u00eatres \u00e9nerg\u00e9tiques. Ce n\u2019est pas un postulat \u00e9sot\u00e9rique. En Asie, les traditions m\u00e9dicales et spirituelles appr\u00e9hendent cette r\u00e9alit\u00e9, les premi\u00e8res en rep\u00e9rant la circuiterie invisible du corps humain d\u00e9sign\u00e9e par les m\u00e9ridiens ou les chakras, les secondes en insistant sur la n\u00e9cessit\u00e9 de contr\u00f4ler ses d\u00e9sirs, ses pens\u00e9es et le brouhaha du &hellip; Continuer la lecture de &laquo;&nbsp;Qu&rsquo;est-ce que le Reiki ?&nbsp;&raquo;\" \/>\n<meta property=\"og:url\" content=\"https:\/\/patriciasevat.com\/index.php\/qui-suis-je\/\" \/>\n<meta property=\"og:site_name\" content=\"PShYpnose\" \/>\n<meta property=\"article:publisher\" content=\"https:\/\/facebook.com\/reikhypnose27\" \/>\n<meta property=\"article:modified_time\" content=\"2023-09-20T16:10:44+00:00\" \/>\n<meta property=\"og:image\" content=\"http:\/\/patriciasevat.com\/wp-content\/uploads\/2019\/10\/hypnose-2-300x200.jpg\" \/>\n<meta name=\"twitter:card\" content=\"summary_large_image\" \/>\n<meta name=\"twitter:label1\" content=\"Dur\u00e9e de lecture estim\u00e9e\" \/>\n\t<meta name=\"twitter:data1\" content=\"2 minutes\" \/>\n<script type=\"application\/ld+json\" class=\"yoast-schema-graph\">{\"@context\":\"https:\/\/schema.org\",\"@graph\":[{\"@type\":\"WebPage\",\"@id\":\"https:\/\/patriciasevat.com\/index.php\/qui-suis-je\/\",\"url\":\"https:\/\/patriciasevat.com\/index.php\/qui-suis-je\/\",\"name\":\"Qu'est-ce que le Reiki ? - PShYpnose\",\"isPartOf\":{\"@id\":\"https:\/\/patriciasevat.com\/#website\"},\"primaryImageOfPage\":{\"@id\":\"https:\/\/patriciasevat.com\/index.php\/qui-suis-je\/#primaryimage\"},\"image\":{\"@id\":\"https:\/\/patriciasevat.com\/index.php\/qui-suis-je\/#primaryimage\"},\"thumbnailUrl\":\"http:\/\/patriciasevat.com\/wp-content\/uploads\/2019\/10\/hypnose-2-300x200.jpg\",\"datePublished\":\"2019-08-01T15:13:54+00:00\",\"dateModified\":\"2023-09-20T16:10:44+00:00\",\"breadcrumb\":{\"@id\":\"https:\/\/patriciasevat.com\/index.php\/qui-suis-je\/#breadcrumb\"},\"inLanguage\":\"fr-FR\",\"potentialAction\":[{\"@type\":\"ReadAction\",\"target\":[\"https:\/\/patriciasevat.com\/index.php\/qui-suis-je\/\"]}]},{\"@type\":\"ImageObject\",\"inLanguage\":\"fr-FR\",\"@id\":\"https:\/\/patriciasevat.com\/index.php\/qui-suis-je\/#primaryimage\",\"url\":\"http:\/\/patriciasevat.com\/wp-content\/uploads\/2019\/10\/hypnose-2-300x200.jpg\",\"contentUrl\":\"http:\/\/patriciasevat.com\/wp-content\/uploads\/2019\/10\/hypnose-2-300x200.jpg\"},{\"@type\":\"BreadcrumbList\",\"@id\":\"https:\/\/patriciasevat.com\/index.php\/qui-suis-je\/#breadcrumb\",\"itemListElement\":[{\"@type\":\"ListItem\",\"position\":1,\"name\":\"Accueil\",\"item\":\"https:\/\/patriciasevat.com\/\"},{\"@type\":\"ListItem\",\"position\":2,\"name\":\"Qu&rsquo;est-ce que le Reiki ?\"}]},{\"@type\":\"WebSite\",\"@id\":\"https:\/\/patriciasevat.com\/#website\",\"url\":\"https:\/\/patriciasevat.com\/\",\"name\":\"PShYpnose\",\"description\":\"Retour \u00e0 l&#039;\u00e9quilibre et au bien-\u00eatre\",\"publisher\":{\"@id\":\"https:\/\/patriciasevat.com\/#organization\"},\"potentialAction\":[{\"@type\":\"SearchAction\",\"target\":{\"@type\":\"EntryPoint\",\"urlTemplate\":\"https:\/\/patriciasevat.com\/?s={search_term_string}\"},\"query-input\":{\"@type\":\"PropertyValueSpecification\",\"valueRequired\":true,\"valueName\":\"search_term_string\"}}],\"inLanguage\":\"fr-FR\"},{\"@type\":\"Organization\",\"@id\":\"https:\/\/patriciasevat.com\/#organization\",\"name\":\"PShYpnose\",\"url\":\"https:\/\/patriciasevat.com\/\",\"logo\":{\"@type\":\"ImageObject\",\"inLanguage\":\"fr-FR\",\"@id\":\"https:\/\/patriciasevat.com\/#\/schema\/logo\/image\/\",\"url\":\"https:\/\/patriciasevat.com\/wp-content\/uploads\/2019\/06\/cropped-29791783_2063062273931214_4745556821386304232_n-2.jpg\",\"contentUrl\":\"https:\/\/patriciasevat.com\/wp-content\/uploads\/2019\/06\/cropped-29791783_2063062273931214_4745556821386304232_n-2.jpg\",\"width\":240,\"height\":250,\"caption\":\"PShYpnose\"},\"image\":{\"@id\":\"https:\/\/patriciasevat.com\/#\/schema\/logo\/image\/\"},\"sameAs\":[\"https:\/\/facebook.com\/reikhypnose27\",\"https:\/\/instagram.com\/reikhypnose\"]}]}<\/script>\n<!-- \/ Yoast SEO plugin. -->","yoast_head_json":{"title":"Qu'est-ce que le Reiki ? - PShYpnose","robots":{"index":"index","follow":"follow","max-snippet":"max-snippet:-1","max-image-preview":"max-image-preview:large","max-video-preview":"max-video-preview:-1"},"canonical":"https:\/\/patriciasevat.com\/index.php\/qui-suis-je\/","og_locale":"fr_FR","og_type":"article","og_title":"Qu'est-ce que le Reiki ? - PShYpnose","og_description":"Nous sommes des \u00eatres \u00e9nerg\u00e9tiques. Ce n\u2019est pas un postulat \u00e9sot\u00e9rique. En Asie, les traditions m\u00e9dicales et spirituelles appr\u00e9hendent cette r\u00e9alit\u00e9, les premi\u00e8res en rep\u00e9rant la circuiterie invisible du corps humain d\u00e9sign\u00e9e par les m\u00e9ridiens ou les chakras, les secondes en insistant sur la n\u00e9cessit\u00e9 de contr\u00f4ler ses d\u00e9sirs, ses pens\u00e9es et le brouhaha du &hellip; Continuer la lecture de &laquo;&nbsp;Qu&rsquo;est-ce que le Reiki ?&nbsp;&raquo;","og_url":"https:\/\/patriciasevat.com\/index.php\/qui-suis-je\/","og_site_name":"PShYpnose","article_publisher":"https:\/\/facebook.com\/reikhypnose27","article_modified_time":"2023-09-20T16:10:44+00:00","og_image":[{"url":"http:\/\/patriciasevat.com\/wp-content\/uploads\/2019\/10\/hypnose-2-300x200.jpg","type":"","width":"","height":""}],"twitter_card":"summary_large_image","twitter_misc":{"Dur\u00e9e de lecture estim\u00e9e":"2 minutes"},"schema":{"@context":"https:\/\/schema.org","@graph":[{"@type":"WebPage","@id":"https:\/\/patriciasevat.com\/index.php\/qui-suis-je\/","url":"https:\/\/patriciasevat.com\/index.php\/qui-suis-je\/","name":"Qu'est-ce que le Reiki ? - PShYpnose","isPartOf":{"@id":"https:\/\/patriciasevat.com\/#website"},"primaryImageOfPage":{"@id":"https:\/\/patriciasevat.com\/index.php\/qui-suis-je\/#primaryimage"},"image":{"@id":"https:\/\/patriciasevat.com\/index.php\/qui-suis-je\/#primaryimage"},"thumbnailUrl":"http:\/\/patriciasevat.com\/wp-content\/uploads\/2019\/10\/hypnose-2-300x200.jpg","datePublished":"2019-08-01T15:13:54+00:00","dateModified":"2023-09-20T16:10:44+00:00","breadcrumb":{"@id":"https:\/\/patriciasevat.com\/index.php\/qui-suis-je\/#breadcrumb"},"inLanguage":"fr-FR","potentialAction":[{"@type":"ReadAction","target":["https:\/\/patriciasevat.com\/index.php\/qui-suis-je\/"]}]},{"@type":"ImageObject","inLanguage":"fr-FR","@id":"https:\/\/patriciasevat.com\/index.php\/qui-suis-je\/#primaryimage","url":"http:\/\/patriciasevat.com\/wp-content\/uploads\/2019\/10\/hypnose-2-300x200.jpg","contentUrl":"http:\/\/patriciasevat.com\/wp-content\/uploads\/2019\/10\/hypnose-2-300x200.jpg"},{"@type":"BreadcrumbList","@id":"https:\/\/patriciasevat.com\/index.php\/qui-suis-je\/#breadcrumb","itemListElement":[{"@type":"ListItem","position":1,"name":"Accueil","item":"https:\/\/patriciasevat.com\/"},{"@type":"ListItem","position":2,"name":"Qu&rsquo;est-ce que le Reiki ?"}]},{"@type":"WebSite","@id":"https:\/\/patriciasevat.com\/#website","url":"https:\/\/patriciasevat.com\/","name":"PShYpnose","description":"Retour \u00e0 l&#039;\u00e9quilibre et au bien-\u00eatre","publisher":{"@id":"https:\/\/patriciasevat.com\/#organization"},"potentialAction":[{"@type":"SearchAction","target":{"@type":"EntryPoint","urlTemplate":"https:\/\/patriciasevat.com\/?s={search_term_string}"},"query-input":{"@type":"PropertyValueSpecification","valueRequired":true,"valueName":"search_term_string"}}],"inLanguage":"fr-FR"},{"@type":"Organization","@id":"https:\/\/patriciasevat.com\/#organization","name":"PShYpnose","url":"https:\/\/patriciasevat.com\/","logo":{"@type":"ImageObject","inLanguage":"fr-FR","@id":"https:\/\/patriciasevat.com\/#\/schema\/logo\/image\/","url":"https:\/\/patriciasevat.com\/wp-content\/uploads\/2019\/06\/cropped-29791783_2063062273931214_4745556821386304232_n-2.jpg","contentUrl":"https:\/\/patriciasevat.com\/wp-content\/uploads\/2019\/06\/cropped-29791783_2063062273931214_4745556821386304232_n-2.jpg","width":240,"height":250,"caption":"PShYpnose"},"image":{"@id":"https:\/\/patriciasevat.com\/#\/schema\/logo\/image\/"},"sameAs":["https:\/\/facebook.com\/reikhypnose27","https:\/\/instagram.com\/reikhypnose"]}]}},"_links":{"self":[{"href":"https:\/\/patriciasevat.com\/index.php\/wp-json\/wp\/v2\/pages\/35","targetHints":{"allow":["GET"]}}],"collection":[{"href":"https:\/\/patriciasevat.com\/index.php\/wp-json\/wp\/v2\/pages"}],"about":[{"href":"https:\/\/patriciasevat.com\/index.php\/wp-json\/wp\/v2\/types\/page"}],"author":[{"embeddable":true,"href":"https:\/\/patriciasevat.com\/index.php\/wp-json\/wp\/v2\/users\/1"}],"replies":[{"embeddable":true,"href":"https:\/\/patriciasevat.com\/index.php\/wp-json\/wp\/v2\/comments?post=35"}],"version-history":[{"count":13,"href":"https:\/\/patriciasevat.com\/index.php\/wp-json\/wp\/v2\/pages\/35\/revisions"}],"predecessor-version":[{"id":292,"href":"https:\/\/patriciasevat.com\/index.php\/wp-json\/wp\/v2\/pages\/35\/revisions\/292"}],"wp:attachment":[{"href":"https:\/\/patriciasevat.com\/index.php\/wp-json\/wp\/v2\/media?parent=35"}],"curies":[{"name":"wp","href":"https:\/\/api.w.org\/{rel}","templated":true}]}}